{"id":112,"date":"2024-02-13T08:06:21","date_gmt":"2024-02-13T08:06:21","guid":{"rendered":"http:\/\/fid-tax.ch\/?page_id=112"},"modified":"2026-08-20T11:45:12","modified_gmt":"2026-08-20T11:45:12","slug":"rechnungswesen","status":"publish","type":"page","link":"https:\/\/fid-tax.ch\/index.php\/dienstleistungen\/rechnungswesen\/","title":{"rendered":"Buchhaltung, Abschl\u00fcsse, MWST"},"content":{"rendered":"\n<div class=\"wp-block-group has-custom-css wp-custom-css-41c908a2\"><div class=\"wp-block-group__inner-container is-layout-flow wp-block-group-is-layout-flow\">\n<div class=\"wp-block-columns is-not-stacked-on-mobile has-custom-css is-layout-flex wp-container-core-columns-is-layout-8f761849 wp-block-columns-is-layout-flex wp-custom-css-d23d05e4\">\n<div class=\"wp-block-column has-custom-css is-layout-flow wp-block-column-is-layout-flow wp-custom-css-fdf574a1\">\n<p class=\"has-custom-css wp-custom-css-7c5a5780 wp-block-paragraph\">Start \/ Dienstleistungen \/ Buchhaltung, Abschl\u00fcsse, MWST<\/p>\n<\/div>\n<\/div>\n\n\n\n<p class=\"has-custom-css wp-custom-css-a30c1a8e wp-block-paragraph\">Pr\u00e4zise. Zuverl\u00e4ssig.<\/p>\n\n\n\n<h1 class=\"wp-block-heading has-custom-css wp-custom-css-f2f7d97c\">Buchhaltung, Abschl\u00fcsse, MWST<\/h1>\n<\/div><\/div>\n\n\n\n<div class=\"wp-block-columns has-custom-css is-layout-flex wp-container-core-columns-is-layout-8f761849 wp-block-columns-is-layout-flex wp-custom-css-e41fa782\">\n<div class=\"wp-block-column has-custom-css is-layout-flow wp-block-column-is-layout-flow wp-custom-css-8422883a\">\n<p class=\"has-custom-css wp-custom-css-c57d19b5 wp-block-paragraph\">Laufende Buchhaltung, Jahresabschl\u00fcsse und Mehrwertsteuerabrechnungen \u2013 korrekt gef\u00fchrt und termingerecht eingereicht. Wir entlasten Sie im Tagesgesch\u00e4ft, damit Sie sich auf Ihr Kerngesch\u00e4ft konzentrieren k\u00f6nnen.<\/p>\n\n\n\n<ul class=\"wp-block-list\">\n<li>F\u00fchrung von Finanz- und Betriebsbuchhaltungen<\/li>\n\n\n\n<li>F\u00fchrung von Debitoren-, Kreditorenbuchhaltungen<\/li>\n\n\n\n<li>Erstellung und Kommentierung von Zwischen- und Jahresabschl\u00fcssen<\/li>\n\n\n\n<li>Mehrwertsteuerberatung und -abrechnungen<\/li>\n\n\n\n<li>Personaladministration : <br>F\u00fchren von Lohnbuchhaltungen, Mitarbeitergespr\u00e4che, Mediator<\/li>\n\n\n\n<li>Management auf Zeit<\/li>\n<\/ul>\n<\/div>\n\n\n\n<div class=\"wp-block-column has-custom-css is-layout-flow wp-block-column-is-layout-flow wp-custom-css-d2dfed25\">\n<figure class=\"wp-block-image has-custom-css wp-custom-css-7432cdf9\"><img loading=\"lazy\" decoding=\"async\" width=\"1536\" height=\"1024\" src=\"https:\/\/fid-tax.ch\/wp-content\/uploads\/2026\/08\/1787157023636_Abschl_sse.png\" alt=\"Schreibtisch mit Ordnern f\u00fcr Abschl\u00fcsse, MWST und Buchhaltung, Taschenrechner und Laptop mit Diagrammen\" class=\"wp-image-256\" srcset=\"https:\/\/fid-tax.ch\/wp-content\/uploads\/2026\/08\/1787157023636_Abschl_sse.png 1536w, https:\/\/fid-tax.ch\/wp-content\/uploads\/2026\/08\/1787157023636_Abschl_sse-300x200.png 300w, https:\/\/fid-tax.ch\/wp-content\/uploads\/2026\/08\/1787157023636_Abschl_sse-1024x683.png 1024w, https:\/\/fid-tax.ch\/wp-content\/uploads\/2026\/08\/1787157023636_Abschl_sse-768x512.png 768w\" sizes=\"auto, (max-width: 1536px) 100vw, 1536px\" \/><\/figure>\n<\/div>\n<\/div>\n\n\n\n<div class=\"wp-block-group has-custom-css wp-custom-css-17554042\"><div class=\"wp-block-group__inner-container is-layout-flow wp-block-group-is-layout-flow\">\n<div class=\"wp-block-columns has-custom-css is-layout-flex wp-container-core-columns-is-layout-8f761849 wp-block-columns-is-layout-flex wp-custom-css-bed80b04\">\n<div class=\"wp-block-column is-layout-flow wp-block-column-is-layout-flow\">\n<h3 class=\"wp-block-heading has-custom-css wp-custom-css-5812744c\">Interessiert?<\/h3>\n\n\n\n<p class=\"has-custom-css wp-custom-css-32935597 wp-block-paragraph\">Wir beraten Sie gerne pers\u00f6nlich zu Ihrer Buchhaltung.<\/p>\n<\/div>\n\n\n\n<div class=\"wp-block-column has-custom-css is-layout-flow wp-block-column-is-layout-flow wp-custom-css-c3bf92b4\">\n<div class=\"wp-block-buttons is-layout-flex wp-block-buttons-is-layout-flex\">\n<div class=\"wp-block-button\"><a class=\"wp-block-button__link has-text-color has-background wp-element-button\" href=\"https:\/\/fid-tax.ch\/index.php\/kontakt\/\" style=\"border-radius:9999px;color:#ffffff;background-color:#d9a441;font-weight:600\">Kontakt aufnehmen<\/a><\/div>\n<\/div>\n<\/div>\n<\/div>\n<\/div><\/div>\n","protected":false},"excerpt":{"rendered":"<p>Start \/ Dienstleistungen \/ Buchhaltung, Abschl\u00fcsse, MWST Pr\u00e4zise. Zuverl\u00e4ssig. Buchhaltung, Abschl\u00fcsse, MWST Laufende Buchhaltung, Jahresabschl\u00fcsse und Mehrwertsteuerabrechnungen \u2013 korrekt gef\u00fchrt und termingerecht eingereicht. Wir entlasten Sie im Tagesgesch\u00e4ft, damit Sie sich auf Ihr Kerngesch\u00e4ft konzentrieren k\u00f6nnen. Interessiert? Wir beraten Sie gerne pers\u00f6nlich zu Ihrer Buchhaltung.<\/p>\n","protected":false},"author":2,"featured_media":0,"parent":44,"menu_order":1,"comment_status":"closed","ping_status":"closed","template":"","meta":{"footnotes":""},"class_list":["post-112","page","type-page","status-publish"],"_links":{"self":[{"href":"https:\/\/fid-tax.ch\/index.php\/wp-json\/wp\/v2\/pages\/112","targetHints":{"allow":["GET"]}}],"collection":[{"href":"https:\/\/fid-tax.ch\/index.php\/wp-json\/wp\/v2\/pages"}],"about":[{"href":"https:\/\/fid-tax.ch\/index.php\/wp-json\/wp\/v2\/types\/page"}],"author":[{"embeddable":true,"href":"https:\/\/fid-tax.ch\/index.php\/wp-json\/wp\/v2\/users\/2"}],"replies":[{"embeddable":true,"href":"https:\/\/fid-tax.ch\/index.php\/wp-json\/wp\/v2\/comments?post=112"}],"version-history":[{"count":0,"href":"https:\/\/fid-tax.ch\/index.php\/wp-json\/wp\/v2\/pages\/112\/revisions"}],"up":[{"embeddable":true,"href":"https:\/\/fid-tax.ch\/index.php\/wp-json\/wp\/v2\/pages\/44"}],"wp:attachment":[{"href":"https:\/\/fid-tax.ch\/index.php\/wp-json\/wp\/v2\/media?parent=112"}],"curies":[{"name":"wp","href":"https:\/\/api.w.org\/{rel}","templated":true}]}}

Buchhaltung, Abschlüsse, MWST

<div class="wp-block-group has-custom-css wp-custom-css-41c908a2"><div class="wp-block-group__inner-container is-layout-flow wp-block-group-is-layout-flow">
<div class="wp-block-columns is-not-stacked-on-mobile has-custom-css is-layout-flex wp-container-core-columns-is-layout-8f761849 wp-block-columns-is-layout-flex wp-custom-css-d23d05e4">
<div class="wp-block-column has-custom-css is-layout-flow wp-block-column-is-layout-flow wp-custom-css-fdf574a1">
<p class="has-custom-css wp-custom-css-7c5a5780 wp-block-paragraph">Start / Dienstleistungen / Buchhaltung, Abschlüsse, MWST</p>
</div>
</div>



<p class="has-custom-css wp-custom-css-a30c1a8e wp-block-paragraph">Präzise. Zuverlässig.</p>



<h1 class="wp-block-heading has-custom-css wp-custom-css-f2f7d97c">Buchhaltung, Abschlüsse, MWST</h1>
</div></div>



<div class="wp-block-columns has-custom-css is-layout-flex wp-container-core-columns-is-layout-8f761849 wp-block-columns-is-layout-flex wp-custom-css-e41fa782">
<div class="wp-block-column has-custom-css is-layout-flow wp-block-column-is-layout-flow wp-custom-css-8422883a">
<p class="has-custom-css wp-custom-css-c57d19b5 wp-block-paragraph">Laufende Buchhaltung, Jahresabschlüsse und Mehrwertsteuerabrechnungen – korrekt geführt und termingerecht eingereicht. Wir entlasten Sie im Tagesgeschäft, damit Sie sich auf Ihr Kerngeschäft konzentrieren können.</p>



<ul class="wp-block-list">
<li>Führung von Finanz- und Betriebsbuchhaltungen</li>



<li>Führung von Debitoren-, Kreditorenbuchhaltungen</li>



<li>Erstellung und Kommentierung von Zwischen- und Jahresabschlüssen</li>



<li>Mehrwertsteuerberatung und -abrechnungen</li>



<li>Personaladministration : <br>Führen von Lohnbuchhaltungen, Mitarbeitergespräche, Mediator</li>



<li>Management auf Zeit</li>
</ul>
</div>



<div class="wp-block-column has-custom-css is-layout-flow wp-block-column-is-layout-flow wp-custom-css-d2dfed25">
<figure class="wp-block-image has-custom-css wp-custom-css-7432cdf9"><img loading="lazy" decoding="async" width="1536" height="1024" src="https://fid-tax.ch/wp-content/uploads/2026/08/1787157023636_Abschl_sse.png" alt="Schreibtisch mit Ordnern für Abschlüsse, MWST und Buchhaltung, Taschenrechner und Laptop mit Diagrammen" class="wp-image-256" srcset="https://fid-tax.ch/wp-content/uploads/2026/08/1787157023636_Abschl_sse.png 1536w, https://fid-tax.ch/wp-content/uploads/2026/08/1787157023636_Abschl_sse-300x200.png 300w, https://fid-tax.ch/wp-content/uploads/2026/08/1787157023636_Abschl_sse-1024x683.png 1024w, https://fid-tax.ch/wp-content/uploads/2026/08/1787157023636_Abschl_sse-768x512.png 768w" sizes="auto, (max-width: 1536px) 100vw, 1536px" /></figure>
</div>
</div>



<div class="wp-block-group has-custom-css wp-custom-css-17554042"><div class="wp-block-group__inner-container is-layout-flow wp-block-group-is-layout-flow">
<div class="wp-block-columns has-custom-css is-layout-flex wp-container-core-columns-is-layout-8f761849 wp-block-columns-is-layout-flex wp-custom-css-bed80b04">
<div class="wp-block-column is-layout-flow wp-block-column-is-layout-flow">
<h3 class="wp-block-heading has-custom-css wp-custom-css-5812744c">Interessiert?</h3>



<p class="has-custom-css wp-custom-css-32935597 wp-block-paragraph">Wir beraten Sie gerne persönlich zu Ihrer Buchhaltung.</p>
</div>



<div class="wp-block-column has-custom-css is-layout-flow wp-block-column-is-layout-flow wp-custom-css-c3bf92b4">
<div class="wp-block-buttons is-layout-flex wp-block-buttons-is-layout-flex">
<div class="wp-block-button"><a class="wp-block-button__link has-text-color has-background wp-element-button" href="https://fid-tax.ch/index.php/kontakt/" style="border-radius:9999px;color:#ffffff;background-color:#d9a441;font-weight:600">Kontakt aufnehmen</a></div>
</div>
</div>
</div>
</div></div>

<p>Start / Dienstleistungen / Buchhaltung, Abschlüsse, MWST Präzise. Zuverlässig. Buchhaltung, Abschlüsse, MWST Laufende Buchhaltung, Jahresabschlüsse und Mehrwertsteuerabrechnungen – korrekt geführt und termingerecht eingereicht. Wir entlasten Sie im Tagesgeschäft, damit Sie sich auf Ihr Kerngeschäft konzentrieren können. Interessiert? Wir beraten Sie gerne persönlich zu Ihrer Buchhaltung.</p>
