{"id":243,"date":"2026-08-19T13:00:28","date_gmt":"2026-08-19T13:00:28","guid":{"rendered":"https:\/\/fid-tax.ch\/?page_id=243"},"modified":"2026-08-20T11:48:36","modified_gmt":"2026-08-20T11:48:36","slug":"vermoegens-nachfolgeplanung","status":"publish","type":"page","link":"https:\/\/fid-tax.ch\/index.php\/dienstleistungen\/vermoegens-nachfolgeplanung\/","title":{"rendered":"Verm\u00f6gens- &#038; Nachfolgeplanung"},"content":{"rendered":"\n<div class=\"wp-block-group has-custom-css wp-custom-css-eea89224\"><div class=\"wp-block-group__inner-container is-layout-flow wp-block-group-is-layout-flow\">\n<div class=\"wp-block-columns is-not-stacked-on-mobile has-custom-css is-layout-flex wp-container-core-columns-is-layout-8f761849 wp-block-columns-is-layout-flex wp-custom-css-2a059732\">\n<div class=\"wp-block-column has-custom-css is-layout-flow wp-block-column-is-layout-flow wp-custom-css-0dfb69cd\">\n<p class=\"has-custom-css wp-custom-css-de9799ee wp-block-paragraph\">Start \/ Dienstleistungen \/ Verm\u00f6gens- &amp; Nachfolgeplanung<\/p>\n<\/div>\n<\/div>\n\n\n\n<p class=\"has-custom-css wp-custom-css-73b72f3e wp-block-paragraph\">Zukunft gestalten.<\/p>\n\n\n\n<h1 class=\"wp-block-heading has-custom-css wp-custom-css-55708f71\">Verm\u00f6gens- &amp; Nachfolgeplanung<\/h1>\n<\/div><\/div>\n\n\n\n<div class=\"wp-block-columns has-custom-css is-layout-flex wp-container-core-columns-is-layout-8f761849 wp-block-columns-is-layout-flex wp-custom-css-2cf2cdb6\">\n<div class=\"wp-block-column has-custom-css is-layout-flow wp-block-column-is-layout-flow wp-custom-css-bab10131\">\n<p class=\"has-custom-css wp-custom-css-45afc5b1 wp-block-paragraph\">Wir unterst\u00fctzen Sie bei der langfristigen Planung Ihres Verm\u00f6gens und der Regelung Ihrer Nachfolge \u2013 f\u00fcr Privatpersonen und Unternehmen, damit Ihr Lebenswerk in guten H\u00e4nden bleibt.<\/p>\n\n\n\n<ul class=\"wp-block-list\">\n<li>Verm\u00f6gensplanung und -strukturierung<\/li>\n\n\n\n<li>Nachfolgeregelung f\u00fcr Privatpersonen und Unternehmen<\/li>\n\n\n\n<li>Erbschafts- und Schenkungsberatung<\/li>\n\n\n\n<li>Vorsorgeplanung<\/li>\n<\/ul>\n<\/div>\n\n\n\n<div class=\"wp-block-column has-custom-css is-layout-flow wp-block-column-is-layout-flow wp-custom-css-8c3309db\">\n<figure class=\"wp-block-image has-custom-css wp-custom-css-e3e3b85d\"><img loading=\"lazy\" decoding=\"async\" width=\"1536\" height=\"1024\" src=\"https:\/\/fid-tax.ch\/wp-content\/uploads\/2026\/08\/Verm_gens_und_Nachfolgeplanung.png\" alt=\"Familienberatung zu \u00dcbergabevertrag, S\u00e4ule 3a und Aktienzertifikaten\" class=\"wp-image-261\" srcset=\"https:\/\/fid-tax.ch\/wp-content\/uploads\/2026\/08\/Verm_gens_und_Nachfolgeplanung.png 1536w, https:\/\/fid-tax.ch\/wp-content\/uploads\/2026\/08\/Verm_gens_und_Nachfolgeplanung-300x200.png 300w, https:\/\/fid-tax.ch\/wp-content\/uploads\/2026\/08\/Verm_gens_und_Nachfolgeplanung-1024x683.png 1024w, https:\/\/fid-tax.ch\/wp-content\/uploads\/2026\/08\/Verm_gens_und_Nachfolgeplanung-768x512.png 768w\" sizes=\"auto, (max-width: 1536px) 100vw, 1536px\" \/><\/figure>\n<\/div>\n<\/div>\n\n\n\n<div class=\"wp-block-group has-custom-css wp-custom-css-1c33301f\"><div class=\"wp-block-group__inner-container is-layout-flow wp-block-group-is-layout-flow\">\n<div class=\"wp-block-columns has-custom-css is-layout-flex wp-container-core-columns-is-layout-8f761849 wp-block-columns-is-layout-flex wp-custom-css-a5a88dd8\">\n<div class=\"wp-block-column is-layout-flow wp-block-column-is-layout-flow\">\n<h3 class=\"wp-block-heading has-custom-css wp-custom-css-5812744c\">Interessiert?<\/h3>\n\n\n\n<p class=\"has-custom-css wp-custom-css-1d1fd8d1 wp-block-paragraph\">Wir beraten Sie gerne pers\u00f6nlich zu Ihrer Verm\u00f6gens- und Nachfolgeplanung.<\/p>\n<\/div>\n\n\n\n<div class=\"wp-block-column has-custom-css is-layout-flow wp-block-column-is-layout-flow wp-custom-css-c3bf92b4\">\n<div class=\"wp-block-buttons is-layout-flex wp-block-buttons-is-layout-flex\">\n<div class=\"wp-block-button\"><a class=\"wp-block-button__link has-text-color has-background wp-element-button\" href=\"https:\/\/fid-tax.ch\/index.php\/kontakt\/\" style=\"border-radius:9999px;color:#ffffff;background-color:#d9a441;font-weight:600\">Kontakt aufnehmen<\/a><\/div>\n<\/div>\n<\/div>\n<\/div>\n<\/div><\/div>\n","protected":false},"excerpt":{"rendered":"<p>Start \/ Dienstleistungen \/ Verm\u00f6gens- &amp; Nachfolgeplanung Zukunft gestalten. Verm\u00f6gens- &amp; Nachfolgeplanung Wir unterst\u00fctzen Sie bei der langfristigen Planung Ihres Verm\u00f6gens und der Regelung Ihrer Nachfolge \u2013 f\u00fcr Privatpersonen und Unternehmen, damit Ihr Lebenswerk in guten H\u00e4nden bleibt. Interessiert? Wir beraten Sie gerne pers\u00f6nlich zu Ihrer Verm\u00f6gens- und Nachfolgeplanung.<\/p>\n","protected":false},"author":4,"featured_media":0,"parent":44,"menu_order":0,"comment_status":"closed","ping_status":"closed","template":"","meta":{"footnotes":""},"class_list":["post-243","page","type-page","status-publish"],"_links":{"self":[{"href":"https:\/\/fid-tax.ch\/index.php\/wp-json\/wp\/v2\/pages\/243","targetHints":{"allow":["GET"]}}],"collection":[{"href":"https:\/\/fid-tax.ch\/index.php\/wp-json\/wp\/v2\/pages"}],"about":[{"href":"https:\/\/fid-tax.ch\/index.php\/wp-json\/wp\/v2\/types\/page"}],"author":[{"embeddable":true,"href":"https:\/\/fid-tax.ch\/index.php\/wp-json\/wp\/v2\/users\/4"}],"replies":[{"embeddable":true,"href":"https:\/\/fid-tax.ch\/index.php\/wp-json\/wp\/v2\/comments?post=243"}],"version-history":[{"count":0,"href":"https:\/\/fid-tax.ch\/index.php\/wp-json\/wp\/v2\/pages\/243\/revisions"}],"up":[{"embeddable":true,"href":"https:\/\/fid-tax.ch\/index.php\/wp-json\/wp\/v2\/pages\/44"}],"wp:attachment":[{"href":"https:\/\/fid-tax.ch\/index.php\/wp-json\/wp\/v2\/media?parent=243"}],"curies":[{"name":"wp","href":"https:\/\/api.w.org\/{rel}","templated":true}]}}

Vermögens- &#038; Nachfolgeplanung

<div class="wp-block-group has-custom-css wp-custom-css-eea89224"><div class="wp-block-group__inner-container is-layout-flow wp-block-group-is-layout-flow">
<div class="wp-block-columns is-not-stacked-on-mobile has-custom-css is-layout-flex wp-container-core-columns-is-layout-8f761849 wp-block-columns-is-layout-flex wp-custom-css-2a059732">
<div class="wp-block-column has-custom-css is-layout-flow wp-block-column-is-layout-flow wp-custom-css-0dfb69cd">
<p class="has-custom-css wp-custom-css-de9799ee wp-block-paragraph">Start / Dienstleistungen / Vermögens- &amp; Nachfolgeplanung</p>
</div>
</div>



<p class="has-custom-css wp-custom-css-73b72f3e wp-block-paragraph">Zukunft gestalten.</p>



<h1 class="wp-block-heading has-custom-css wp-custom-css-55708f71">Vermögens- &amp; Nachfolgeplanung</h1>
</div></div>



<div class="wp-block-columns has-custom-css is-layout-flex wp-container-core-columns-is-layout-8f761849 wp-block-columns-is-layout-flex wp-custom-css-2cf2cdb6">
<div class="wp-block-column has-custom-css is-layout-flow wp-block-column-is-layout-flow wp-custom-css-bab10131">
<p class="has-custom-css wp-custom-css-45afc5b1 wp-block-paragraph">Wir unterstützen Sie bei der langfristigen Planung Ihres Vermögens und der Regelung Ihrer Nachfolge – für Privatpersonen und Unternehmen, damit Ihr Lebenswerk in guten Händen bleibt.</p>



<ul class="wp-block-list">
<li>Vermögensplanung und -strukturierung</li>



<li>Nachfolgeregelung für Privatpersonen und Unternehmen</li>



<li>Erbschafts- und Schenkungsberatung</li>



<li>Vorsorgeplanung</li>
</ul>
</div>



<div class="wp-block-column has-custom-css is-layout-flow wp-block-column-is-layout-flow wp-custom-css-8c3309db">
<figure class="wp-block-image has-custom-css wp-custom-css-e3e3b85d"><img loading="lazy" decoding="async" width="1536" height="1024" src="https://fid-tax.ch/wp-content/uploads/2026/08/Verm_gens_und_Nachfolgeplanung.png" alt="Familienberatung zu Übergabevertrag, Säule 3a und Aktienzertifikaten" class="wp-image-261" srcset="https://fid-tax.ch/wp-content/uploads/2026/08/Verm_gens_und_Nachfolgeplanung.png 1536w, https://fid-tax.ch/wp-content/uploads/2026/08/Verm_gens_und_Nachfolgeplanung-300x200.png 300w, https://fid-tax.ch/wp-content/uploads/2026/08/Verm_gens_und_Nachfolgeplanung-1024x683.png 1024w, https://fid-tax.ch/wp-content/uploads/2026/08/Verm_gens_und_Nachfolgeplanung-768x512.png 768w" sizes="auto, (max-width: 1536px) 100vw, 1536px" /></figure>
</div>
</div>



<div class="wp-block-group has-custom-css wp-custom-css-1c33301f"><div class="wp-block-group__inner-container is-layout-flow wp-block-group-is-layout-flow">
<div class="wp-block-columns has-custom-css is-layout-flex wp-container-core-columns-is-layout-8f761849 wp-block-columns-is-layout-flex wp-custom-css-a5a88dd8">
<div class="wp-block-column is-layout-flow wp-block-column-is-layout-flow">
<h3 class="wp-block-heading has-custom-css wp-custom-css-5812744c">Interessiert?</h3>



<p class="has-custom-css wp-custom-css-1d1fd8d1 wp-block-paragraph">Wir beraten Sie gerne persönlich zu Ihrer Vermögens- und Nachfolgeplanung.</p>
</div>



<div class="wp-block-column has-custom-css is-layout-flow wp-block-column-is-layout-flow wp-custom-css-c3bf92b4">
<div class="wp-block-buttons is-layout-flex wp-block-buttons-is-layout-flex">
<div class="wp-block-button"><a class="wp-block-button__link has-text-color has-background wp-element-button" href="https://fid-tax.ch/index.php/kontakt/" style="border-radius:9999px;color:#ffffff;background-color:#d9a441;font-weight:600">Kontakt aufnehmen</a></div>
</div>
</div>
</div>
</div></div>

<p>Start / Dienstleistungen / Vermögens- &amp; Nachfolgeplanung Zukunft gestalten. Vermögens- &amp; Nachfolgeplanung Wir unterstützen Sie bei der langfristigen Planung Ihres Vermögens und der Regelung Ihrer Nachfolge – für Privatpersonen und Unternehmen, damit Ihr Lebenswerk in guten Händen bleibt. Interessiert? Wir beraten Sie gerne persönlich zu Ihrer Vermögens- und Nachfolgeplanung.</p>
