{"id":313,"date":"2026-08-20T09:54:01","date_gmt":"2026-08-20T09:54:01","guid":{"rendered":"https:\/\/fid-tax.ch\/?page_id=313"},"modified":"2026-08-20T11:45:48","modified_gmt":"2026-08-20T11:45:48","slug":"comptabilite-clotures-tva","status":"publish","type":"page","link":"https:\/\/fid-tax.ch\/index.php\/fr\/comptabilite-clotures-tva\/","title":{"rendered":"Comptabilit\u00e9, cl\u00f4tures, TVA"},"content":{"rendered":"\n<div class=\"wp-block-group has-custom-css wp-custom-css-0e3d7f91\"><div class=\"wp-block-group__inner-container is-layout-flow wp-block-group-is-layout-flow\">\n<div class=\"wp-block-columns is-not-stacked-on-mobile has-custom-css is-layout-flex wp-container-core-columns-is-layout-8f761849 wp-block-columns-is-layout-flex wp-custom-css-a825b811\">\n<div class=\"wp-block-column has-custom-css is-layout-flow wp-block-column-is-layout-flow wp-custom-css-49a39659\">\n<p class=\"has-custom-css wp-custom-css-e77eb1fd wp-block-paragraph\">D\u00e9but \/ Prestations \/ Comptabilit\u00e9, cl\u00f4tures, TVA<\/p>\n<\/div>\n<\/div>\n\n\n\n<p class=\"has-custom-css wp-custom-css-8a709a24 wp-block-paragraph\">Pr\u00e9cis. Fiable.<\/p>\n\n\n\n<h1 class=\"wp-block-heading has-custom-css wp-custom-css-d8c422c0\">Comptabilit\u00e9, cl\u00f4tures, TVA<\/h1>\n<\/div><\/div>\n\n\n\n<div class=\"wp-block-columns has-custom-css is-layout-flex wp-container-core-columns-is-layout-8f761849 wp-block-columns-is-layout-flex wp-custom-css-72497494\">\n<div class=\"wp-block-column has-custom-css is-layout-flow wp-block-column-is-layout-flow wp-custom-css-f4b5bd7f\">\n<p class=\"has-custom-css wp-custom-css-8c8176ea wp-block-paragraph\">Comptabilit\u00e9 courante, cl\u00f4tures annuelles et d\u00e9comptes de TVA \u2013 tenus correctement et d\u00e9pos\u00e9s dans les d\u00e9lais. Nous vous d\u00e9chargeons de la gestion quotidienne, afin que vous puissiez vous concentrer sur votre c\u0153ur de m\u00e9tier.<\/p>\n\n\n\n<ul class=\"wp-block-list\">\n<li>Tenue de la comptabilit\u00e9 financi\u00e8re et d&#8217;exploitation<\/li>\n\n\n\n<li>Tenue de la comptabilit\u00e9 des d\u00e9biteurs et des cr\u00e9anciers<\/li>\n\n\n\n<li>\u00c9tablissement et commentaire des cl\u00f4tures interm\u00e9diaires et annuelles<\/li>\n\n\n\n<li>Conseil et d\u00e9comptes en mati\u00e8re de TVA<\/li>\n\n\n\n<li>Administration du personnel : <br>tenue de la comptabilit\u00e9 salariale, entretiens avec les collaborateurs, m\u00e9diation<\/li>\n\n\n\n<li>Management de transition<\/li>\n<\/ul>\n<\/div>\n\n\n\n<div class=\"wp-block-column has-custom-css is-layout-flow wp-block-column-is-layout-flow wp-custom-css-cf349dcf\">\n<figure class=\"wp-block-image has-custom-css wp-custom-css-14ba0548\"><img loading=\"lazy\" decoding=\"async\" width=\"1536\" height=\"1024\" src=\"https:\/\/fid-tax.ch\/wp-content\/uploads\/2026\/08\/1787157023636_Abschl_sse.png\" alt=\"Bureau avec classeurs pour cl\u00f4tures, TVA et comptabilit\u00e9, calculatrice et ordinateur portable avec graphiques\" class=\"wp-image-256\" srcset=\"https:\/\/fid-tax.ch\/wp-content\/uploads\/2026\/08\/1787157023636_Abschl_sse.png 1536w, https:\/\/fid-tax.ch\/wp-content\/uploads\/2026\/08\/1787157023636_Abschl_sse-300x200.png 300w, https:\/\/fid-tax.ch\/wp-content\/uploads\/2026\/08\/1787157023636_Abschl_sse-1024x683.png 1024w, https:\/\/fid-tax.ch\/wp-content\/uploads\/2026\/08\/1787157023636_Abschl_sse-768x512.png 768w\" sizes=\"auto, (max-width: 1536px) 100vw, 1536px\" \/><\/figure>\n<\/div>\n<\/div>\n\n\n\n<div class=\"wp-block-group has-custom-css wp-custom-css-dae34471\"><div class=\"wp-block-group__inner-container is-layout-flow wp-block-group-is-layout-flow\">\n<div class=\"wp-block-columns has-custom-css is-layout-flex wp-container-core-columns-is-layout-8f761849 wp-block-columns-is-layout-flex wp-custom-css-b80dcfe2\">\n<div class=\"wp-block-column is-layout-flow wp-block-column-is-layout-flow\">\n<h3 class=\"wp-block-heading has-custom-css wp-custom-css-c8eb9fa4\">Int\u00e9ress\u00e9 ?<\/h3>\n\n\n\n<p class=\"has-custom-css wp-custom-css-206c1852 wp-block-paragraph\">Nous serons heureux de vous conseiller personnellement sur votre comptabilit\u00e9.<\/p>\n<\/div>\n\n\n\n<div class=\"wp-block-column has-custom-css is-layout-flow wp-block-column-is-layout-flow wp-custom-css-902a79d0\">\n<div class=\"wp-block-buttons is-layout-flex wp-block-buttons-is-layout-flex\">\n<div class=\"wp-block-button\"><a class=\"wp-block-button__link has-text-color has-background wp-element-button\" href=\"https:\/\/fid-tax.ch\/index.php\/fr\/contact\/\" style=\"border-radius:9999px;color:#ffffff;background-color:#d9a441;font-weight:600\">Nous contacter<\/a><\/div>\n<\/div>\n<\/div>\n<\/div>\n<\/div><\/div>\n","protected":false},"excerpt":{"rendered":"<p>D\u00e9but \/ Prestations \/ Comptabilit\u00e9, cl\u00f4tures, TVA Pr\u00e9cis. Fiable. Comptabilit\u00e9, cl\u00f4tures, TVA Comptabilit\u00e9 courante, cl\u00f4tures annuelles et d\u00e9comptes de TVA \u2013 tenus correctement et d\u00e9pos\u00e9s dans les d\u00e9lais. Nous vous d\u00e9chargeons de la gestion quotidienne, afin que vous puissiez vous concentrer sur votre c\u0153ur de m\u00e9tier. Int\u00e9ress\u00e9 ? Nous serons heureux de vous conseiller personnellement &#8230; <a title=\"Comptabilit\u00e9, cl\u00f4tures, TVA\" class=\"read-more\" href=\"https:\/\/fid-tax.ch\/index.php\/fr\/comptabilite-clotures-tva\/\" aria-label=\"Mehr Informationen \u00fcber Comptabilit\u00e9, cl\u00f4tures, TVA\">Weiterlesen<\/a><\/p>\n","protected":false},"author":4,"featured_media":0,"parent":0,"menu_order":1,"comment_status":"closed","ping_status":"closed","template":"","meta":{"footnotes":""},"class_list":["post-313","page","type-page","status-publish"],"_links":{"self":[{"href":"https:\/\/fid-tax.ch\/index.php\/wp-json\/wp\/v2\/pages\/313","targetHints":{"allow":["GET"]}}],"collection":[{"href":"https:\/\/fid-tax.ch\/index.php\/wp-json\/wp\/v2\/pages"}],"about":[{"href":"https:\/\/fid-tax.ch\/index.php\/wp-json\/wp\/v2\/types\/page"}],"author":[{"embeddable":true,"href":"https:\/\/fid-tax.ch\/index.php\/wp-json\/wp\/v2\/users\/4"}],"replies":[{"embeddable":true,"href":"https:\/\/fid-tax.ch\/index.php\/wp-json\/wp\/v2\/comments?post=313"}],"version-history":[{"count":0,"href":"https:\/\/fid-tax.ch\/index.php\/wp-json\/wp\/v2\/pages\/313\/revisions"}],"wp:attachment":[{"href":"https:\/\/fid-tax.ch\/index.php\/wp-json\/wp\/v2\/media?parent=313"}],"curies":[{"name":"wp","href":"https:\/\/api.w.org\/{rel}","templated":true}]}}

Comptabilité, clôtures, TVA

<div class="wp-block-group has-custom-css wp-custom-css-0e3d7f91"><div class="wp-block-group__inner-container is-layout-flow wp-block-group-is-layout-flow">
<div class="wp-block-columns is-not-stacked-on-mobile has-custom-css is-layout-flex wp-container-core-columns-is-layout-8f761849 wp-block-columns-is-layout-flex wp-custom-css-a825b811">
<div class="wp-block-column has-custom-css is-layout-flow wp-block-column-is-layout-flow wp-custom-css-49a39659">
<p class="has-custom-css wp-custom-css-e77eb1fd wp-block-paragraph">Début / Prestations / Comptabilité, clôtures, TVA</p>
</div>
</div>



<p class="has-custom-css wp-custom-css-8a709a24 wp-block-paragraph">Précis. Fiable.</p>



<h1 class="wp-block-heading has-custom-css wp-custom-css-d8c422c0">Comptabilité, clôtures, TVA</h1>
</div></div>



<div class="wp-block-columns has-custom-css is-layout-flex wp-container-core-columns-is-layout-8f761849 wp-block-columns-is-layout-flex wp-custom-css-72497494">
<div class="wp-block-column has-custom-css is-layout-flow wp-block-column-is-layout-flow wp-custom-css-f4b5bd7f">
<p class="has-custom-css wp-custom-css-8c8176ea wp-block-paragraph">Comptabilité courante, clôtures annuelles et décomptes de TVA – tenus correctement et déposés dans les délais. Nous vous déchargeons de la gestion quotidienne, afin que vous puissiez vous concentrer sur votre cœur de métier.</p>



<ul class="wp-block-list">
<li>Tenue de la comptabilité financière et d&#8217;exploitation</li>



<li>Tenue de la comptabilité des débiteurs et des créanciers</li>



<li>Établissement et commentaire des clôtures intermédiaires et annuelles</li>



<li>Conseil et décomptes en matière de TVA</li>



<li>Administration du personnel : <br>tenue de la comptabilité salariale, entretiens avec les collaborateurs, médiation</li>



<li>Management de transition</li>
</ul>
</div>



<div class="wp-block-column has-custom-css is-layout-flow wp-block-column-is-layout-flow wp-custom-css-cf349dcf">
<figure class="wp-block-image has-custom-css wp-custom-css-14ba0548"><img loading="lazy" decoding="async" width="1536" height="1024" src="https://fid-tax.ch/wp-content/uploads/2026/08/1787157023636_Abschl_sse.png" alt="Bureau avec classeurs pour clôtures, TVA et comptabilité, calculatrice et ordinateur portable avec graphiques" class="wp-image-256" srcset="https://fid-tax.ch/wp-content/uploads/2026/08/1787157023636_Abschl_sse.png 1536w, https://fid-tax.ch/wp-content/uploads/2026/08/1787157023636_Abschl_sse-300x200.png 300w, https://fid-tax.ch/wp-content/uploads/2026/08/1787157023636_Abschl_sse-1024x683.png 1024w, https://fid-tax.ch/wp-content/uploads/2026/08/1787157023636_Abschl_sse-768x512.png 768w" sizes="auto, (max-width: 1536px) 100vw, 1536px" /></figure>
</div>
</div>



<div class="wp-block-group has-custom-css wp-custom-css-dae34471"><div class="wp-block-group__inner-container is-layout-flow wp-block-group-is-layout-flow">
<div class="wp-block-columns has-custom-css is-layout-flex wp-container-core-columns-is-layout-8f761849 wp-block-columns-is-layout-flex wp-custom-css-b80dcfe2">
<div class="wp-block-column is-layout-flow wp-block-column-is-layout-flow">
<h3 class="wp-block-heading has-custom-css wp-custom-css-c8eb9fa4">Intéressé ?</h3>



<p class="has-custom-css wp-custom-css-206c1852 wp-block-paragraph">Nous serons heureux de vous conseiller personnellement sur votre comptabilité.</p>
</div>



<div class="wp-block-column has-custom-css is-layout-flow wp-block-column-is-layout-flow wp-custom-css-902a79d0">
<div class="wp-block-buttons is-layout-flex wp-block-buttons-is-layout-flex">
<div class="wp-block-button"><a class="wp-block-button__link has-text-color has-background wp-element-button" href="https://fid-tax.ch/index.php/fr/contact/" style="border-radius:9999px;color:#ffffff;background-color:#d9a441;font-weight:600">Nous contacter</a></div>
</div>
</div>
</div>
</div></div>

<p>Début / Prestations / Comptabilité, clôtures, TVA Précis. Fiable. Comptabilité, clôtures, TVA Comptabilité courante, clôtures annuelles et décomptes de TVA – tenus correctement et déposés dans les délais. Nous vous déchargeons de la gestion quotidienne, afin que vous puissiez vous concentrer sur votre cœur de métier. Intéressé ? Nous serons heureux de vous conseiller personnellement &#8230; <a title="Comptabilité, clôtures, TVA" class="read-more" href="https://fid-tax.ch/index.php/fr/comptabilite-clotures-tva/" aria-label="Mehr Informationen über Comptabilité, clôtures, TVA">Weiterlesen</a></p>
