{"id":315,"date":"2026-08-20T09:54:22","date_gmt":"2026-08-20T09:54:22","guid":{"rendered":"https:\/\/fid-tax.ch\/?page_id=315"},"modified":"2026-08-20T11:30:40","modified_gmt":"2026-08-20T11:30:40","slug":"conseil-fiscal","status":"publish","type":"page","link":"https:\/\/fid-tax.ch\/index.php\/fr\/conseil-fiscal\/","title":{"rendered":"Conseil fiscal"},"content":{"rendered":"\n<div class=\"wp-block-group has-custom-css wp-custom-css-0495910a\"><div class=\"wp-block-group__inner-container is-layout-flow wp-block-group-is-layout-flow\">\n<div class=\"wp-block-columns is-not-stacked-on-mobile has-custom-css is-layout-flex wp-container-core-columns-is-layout-8f761849 wp-block-columns-is-layout-flex wp-custom-css-8ad32d87\">\n<div class=\"wp-block-column has-custom-css is-layout-flow wp-block-column-is-layout-flow wp-custom-css-c871c4fc\">\n<p class=\"has-custom-css wp-custom-css-98e70ca0 wp-block-paragraph\">D\u00e9but \/ Prestations \/ Conseil fiscal<\/p>\n<\/div>\n<\/div>\n\n\n\n<p class=\"has-custom-css wp-custom-css-f9801e65 wp-block-paragraph\">National et international<\/p>\n\n\n\n<h1 class=\"wp-block-heading has-custom-css wp-custom-css-b824421d\">Conseil fiscal<\/h1>\n<\/div><\/div>\n\n\n\n<div class=\"wp-block-columns has-custom-css is-layout-flex wp-container-core-columns-is-layout-8f761849 wp-block-columns-is-layout-flex wp-custom-css-1289c33e\">\n<div class=\"wp-block-column has-custom-css is-layout-flow wp-block-column-is-layout-flow wp-custom-css-05e28fed\">\n<figure class=\"wp-block-image has-custom-css wp-custom-css-aa89f710\"><img loading=\"lazy\" decoding=\"async\" width=\"1448\" height=\"1086\" src=\"https:\/\/fid-tax.ch\/wp-content\/uploads\/2026\/08\/Steuerberatung.png\" alt=\"Bureau avec formulaires fiscaux, calculatrice et ordinateur portable avec analyses\" class=\"wp-image-258\" srcset=\"https:\/\/fid-tax.ch\/wp-content\/uploads\/2026\/08\/Steuerberatung.png 1448w, https:\/\/fid-tax.ch\/wp-content\/uploads\/2026\/08\/Steuerberatung-300x225.png 300w, https:\/\/fid-tax.ch\/wp-content\/uploads\/2026\/08\/Steuerberatung-1024x768.png 1024w, https:\/\/fid-tax.ch\/wp-content\/uploads\/2026\/08\/Steuerberatung-768x576.png 768w\" sizes=\"auto, (max-width: 1448px) 100vw, 1448px\" \/><\/figure>\n<\/div>\n\n\n\n<div class=\"wp-block-column has-custom-css is-layout-flow wp-block-column-is-layout-flow wp-custom-css-04b696e8\">\n<p class=\"wp-block-paragraph\">Conseil fiscal comp\u00e9tent pour particuliers et entreprises \u2013 au niveau national et, dans certains cas, transfrontalier. Nous vous accompagnons dans votre d\u00e9claration d&#8217;imp\u00f4t, votre planification fiscale et vos d\u00e9marches aupr\u00e8s des autorit\u00e9s.<\/p>\n\n\n\n<ul class=\"wp-block-list\">\n<li>Conseil en cl\u00f4tures annuelles<\/li>\n\n\n\n<li>D\u00e9clarations d&#8217;imp\u00f4t pour particuliers et entreprises<\/li>\n\n\n\n<li>Repr\u00e9sentation aupr\u00e8s des autorit\u00e9s fiscales<\/li>\n\n\n\n<li>Conseil AVS et questions d&#8217;assurances sociales<\/li>\n\n\n\n<li>Planification fiscale et pr\u00e9voyance<\/li>\n\n\n\n<li>Imp\u00f4ts indirects (TVA, imp\u00f4t anticip\u00e9)<\/li>\n\n\n\n<li>Planification successorale sur le plan fiscal<\/li>\n<\/ul>\n<\/div>\n<\/div>\n\n\n\n<div class=\"wp-block-group has-custom-css wp-custom-css-191860c7\"><div class=\"wp-block-group__inner-container is-layout-flow wp-block-group-is-layout-flow\">\n<div class=\"wp-block-columns has-custom-css is-layout-flex wp-container-core-columns-is-layout-8f761849 wp-block-columns-is-layout-flex wp-custom-css-f87158aa\">\n<div class=\"wp-block-column is-layout-flow wp-block-column-is-layout-flow\">\n<h3 class=\"wp-block-heading has-custom-css wp-custom-css-c8eb9fa4\">Int\u00e9ress\u00e9 ?<\/h3>\n\n\n\n<p class=\"has-custom-css wp-custom-css-81655893 wp-block-paragraph\">Nous serons heureux de vous conseiller personnellement sur votre situation fiscale.<\/p>\n<\/div>\n\n\n\n<div class=\"wp-block-column has-custom-css is-layout-flow wp-block-column-is-layout-flow wp-custom-css-902a79d0\">\n<div class=\"wp-block-buttons is-layout-flex wp-block-buttons-is-layout-flex\">\n<div class=\"wp-block-button\"><a class=\"wp-block-button__link has-text-color has-background wp-element-button\" href=\"https:\/\/fid-tax.ch\/index.php\/fr\/contact\/\" style=\"border-radius:9999px;color:#ffffff;background-color:#d9a441;font-weight:600\">Nous contacter<\/a><\/div>\n<\/div>\n<\/div>\n<\/div>\n<\/div><\/div>\n","protected":false},"excerpt":{"rendered":"<p>D\u00e9but \/ Prestations \/ Conseil fiscal National et international Conseil fiscal Conseil fiscal comp\u00e9tent pour particuliers et entreprises \u2013 au niveau national et, dans certains cas, transfrontalier. Nous vous accompagnons dans votre d\u00e9claration d&#8217;imp\u00f4t, votre planification fiscale et vos d\u00e9marches aupr\u00e8s des autorit\u00e9s. Int\u00e9ress\u00e9 ? Nous serons heureux de vous conseiller personnellement sur votre situation &#8230; <a title=\"Conseil fiscal\" class=\"read-more\" href=\"https:\/\/fid-tax.ch\/index.php\/fr\/conseil-fiscal\/\" aria-label=\"Mehr Informationen \u00fcber Conseil fiscal\">Weiterlesen<\/a><\/p>\n","protected":false},"author":4,"featured_media":0,"parent":0,"menu_order":2,"comment_status":"closed","ping_status":"closed","template":"","meta":{"footnotes":""},"class_list":["post-315","page","type-page","status-publish"],"_links":{"self":[{"href":"https:\/\/fid-tax.ch\/index.php\/wp-json\/wp\/v2\/pages\/315","targetHints":{"allow":["GET"]}}],"collection":[{"href":"https:\/\/fid-tax.ch\/index.php\/wp-json\/wp\/v2\/pages"}],"about":[{"href":"https:\/\/fid-tax.ch\/index.php\/wp-json\/wp\/v2\/types\/page"}],"author":[{"embeddable":true,"href":"https:\/\/fid-tax.ch\/index.php\/wp-json\/wp\/v2\/users\/4"}],"replies":[{"embeddable":true,"href":"https:\/\/fid-tax.ch\/index.php\/wp-json\/wp\/v2\/comments?post=315"}],"version-history":[{"count":0,"href":"https:\/\/fid-tax.ch\/index.php\/wp-json\/wp\/v2\/pages\/315\/revisions"}],"wp:attachment":[{"href":"https:\/\/fid-tax.ch\/index.php\/wp-json\/wp\/v2\/media?parent=315"}],"curies":[{"name":"wp","href":"https:\/\/api.w.org\/{rel}","templated":true}]}}

<div class="wp-block-group has-custom-css wp-custom-css-0495910a"><div class="wp-block-group__inner-container is-layout-flow wp-block-group-is-layout-flow">
<div class="wp-block-columns is-not-stacked-on-mobile has-custom-css is-layout-flex wp-container-core-columns-is-layout-8f761849 wp-block-columns-is-layout-flex wp-custom-css-8ad32d87">
<div class="wp-block-column has-custom-css is-layout-flow wp-block-column-is-layout-flow wp-custom-css-c871c4fc">
<p class="has-custom-css wp-custom-css-98e70ca0 wp-block-paragraph">Début / Prestations / Conseil fiscal</p>
</div>
</div>



<p class="has-custom-css wp-custom-css-f9801e65 wp-block-paragraph">National et international</p>



<h1 class="wp-block-heading has-custom-css wp-custom-css-b824421d">Conseil fiscal</h1>
</div></div>



<div class="wp-block-columns has-custom-css is-layout-flex wp-container-core-columns-is-layout-8f761849 wp-block-columns-is-layout-flex wp-custom-css-1289c33e">
<div class="wp-block-column has-custom-css is-layout-flow wp-block-column-is-layout-flow wp-custom-css-05e28fed">
<figure class="wp-block-image has-custom-css wp-custom-css-aa89f710"><img loading="lazy" decoding="async" width="1448" height="1086" src="https://fid-tax.ch/wp-content/uploads/2026/08/Steuerberatung.png" alt="Bureau avec formulaires fiscaux, calculatrice et ordinateur portable avec analyses" class="wp-image-258" srcset="https://fid-tax.ch/wp-content/uploads/2026/08/Steuerberatung.png 1448w, https://fid-tax.ch/wp-content/uploads/2026/08/Steuerberatung-300x225.png 300w, https://fid-tax.ch/wp-content/uploads/2026/08/Steuerberatung-1024x768.png 1024w, https://fid-tax.ch/wp-content/uploads/2026/08/Steuerberatung-768x576.png 768w" sizes="auto, (max-width: 1448px) 100vw, 1448px" /></figure>
</div>



<div class="wp-block-column has-custom-css is-layout-flow wp-block-column-is-layout-flow wp-custom-css-04b696e8">
<p class="wp-block-paragraph">Conseil fiscal compétent pour particuliers et entreprises – au niveau national et, dans certains cas, transfrontalier. Nous vous accompagnons dans votre déclaration d&#8217;impôt, votre planification fiscale et vos démarches auprès des autorités.</p>



<ul class="wp-block-list">
<li>Conseil en clôtures annuelles</li>



<li>Déclarations d&#8217;impôt pour particuliers et entreprises</li>



<li>Représentation auprès des autorités fiscales</li>



<li>Conseil AVS et questions d&#8217;assurances sociales</li>



<li>Planification fiscale et prévoyance</li>



<li>Impôts indirects (TVA, impôt anticipé)</li>



<li>Planification successorale sur le plan fiscal</li>
</ul>
</div>
</div>



<div class="wp-block-group has-custom-css wp-custom-css-191860c7"><div class="wp-block-group__inner-container is-layout-flow wp-block-group-is-layout-flow">
<div class="wp-block-columns has-custom-css is-layout-flex wp-container-core-columns-is-layout-8f761849 wp-block-columns-is-layout-flex wp-custom-css-f87158aa">
<div class="wp-block-column is-layout-flow wp-block-column-is-layout-flow">
<h3 class="wp-block-heading has-custom-css wp-custom-css-c8eb9fa4">Intéressé ?</h3>



<p class="has-custom-css wp-custom-css-81655893 wp-block-paragraph">Nous serons heureux de vous conseiller personnellement sur votre situation fiscale.</p>
</div>



<div class="wp-block-column has-custom-css is-layout-flow wp-block-column-is-layout-flow wp-custom-css-902a79d0">
<div class="wp-block-buttons is-layout-flex wp-block-buttons-is-layout-flex">
<div class="wp-block-button"><a class="wp-block-button__link has-text-color has-background wp-element-button" href="https://fid-tax.ch/index.php/fr/contact/" style="border-radius:9999px;color:#ffffff;background-color:#d9a441;font-weight:600">Nous contacter</a></div>
</div>
</div>
</div>
</div></div>

<p>Début / Prestations / Conseil fiscal National et international Conseil fiscal Conseil fiscal compétent pour particuliers et entreprises – au niveau national et, dans certains cas, transfrontalier. Nous vous accompagnons dans votre déclaration d&#8217;impôt, votre planification fiscale et vos démarches auprès des autorités. Intéressé ? Nous serons heureux de vous conseiller personnellement sur votre situation &#8230; <a title="Conseil fiscal" class="read-more" href="https://fid-tax.ch/index.php/fr/conseil-fiscal/" aria-label="Mehr Informationen über Conseil fiscal">Weiterlesen</a></p>
