{"id":318,"date":"2026-08-20T09:54:42","date_gmt":"2026-08-20T09:54:42","guid":{"rendered":"https:\/\/fid-tax.ch\/?page_id=318"},"modified":"2026-08-20T11:39:26","modified_gmt":"2026-08-20T11:39:26","slug":"conseil-entreprise","status":"publish","type":"page","link":"https:\/\/fid-tax.ch\/index.php\/fr\/conseil-entreprise\/","title":{"rendered":"Conseil d&#8217;entreprise"},"content":{"rendered":"\n<div class=\"wp-block-group has-custom-css wp-custom-css-9e9d801f\"><div class=\"wp-block-group__inner-container is-layout-flow wp-block-group-is-layout-flow\">\n<div class=\"wp-block-columns is-not-stacked-on-mobile has-custom-css is-layout-flex wp-container-core-columns-is-layout-8f761849 wp-block-columns-is-layout-flex wp-custom-css-5944ab68\">\n<div class=\"wp-block-column has-custom-css is-layout-flow wp-block-column-is-layout-flow wp-custom-css-29a0b06a\">\n<p class=\"has-custom-css wp-custom-css-350fe453 wp-block-paragraph\">D\u00e9but \/ Prestations \/ Conseil d&#8217;entreprise<\/p>\n<\/div>\n<\/div>\n\n\n\n<p class=\"has-custom-css wp-custom-css-35b7f230 wp-block-paragraph\">Strat\u00e9gique. Durable.<\/p>\n\n\n\n<h1 class=\"wp-block-heading has-custom-css wp-custom-css-151fab3e\">Conseil d&#8217;entreprise<\/h1>\n<\/div><\/div>\n\n\n\n<div class=\"wp-block-columns has-custom-css is-layout-flex wp-container-core-columns-is-layout-8f761849 wp-block-columns-is-layout-flex wp-custom-css-347b21fd\">\n<div class=\"wp-block-column has-custom-css is-layout-flow wp-block-column-is-layout-flow wp-custom-css-eb4370ef\">\n<figure class=\"wp-block-image has-custom-css wp-custom-css-72d5bceb\"><img loading=\"lazy\" decoding=\"async\" width=\"1448\" height=\"1086\" src=\"https:\/\/fid-tax.ch\/wp-content\/uploads\/2026\/08\/Unternehmensberatung_2.png\" alt=\"Pr\u00e9sentation sur les co\u00fbts et la charge fiscale, comparaison soci\u00e9t\u00e9 de capitaux et entreprise individuelle\" class=\"wp-image-260\" srcset=\"https:\/\/fid-tax.ch\/wp-content\/uploads\/2026\/08\/Unternehmensberatung_2.png 1448w, https:\/\/fid-tax.ch\/wp-content\/uploads\/2026\/08\/Unternehmensberatung_2-300x225.png 300w, https:\/\/fid-tax.ch\/wp-content\/uploads\/2026\/08\/Unternehmensberatung_2-1024x768.png 1024w, https:\/\/fid-tax.ch\/wp-content\/uploads\/2026\/08\/Unternehmensberatung_2-768x576.png 768w\" sizes=\"auto, (max-width: 1448px) 100vw, 1448px\" \/><\/figure>\n<\/div>\n\n\n\n<div class=\"wp-block-column has-custom-css is-layout-flow wp-block-column-is-layout-flow wp-custom-css-7a2598c8\">\n<p class=\"has-custom-css wp-custom-css-cabc9197 wp-block-paragraph\">De la cr\u00e9ation \u00e0 la succession, en passant par le d\u00e9veloppement strat\u00e9gique \u2013 nous accompagnons les entrepreneuses et entrepreneurs \u00e0 chaque \u00e9tape cl\u00e9, avec pragmatisme et vision.<\/p>\n\n\n\n<ul class=\"wp-block-list\">\n<li>Cr\u00e9ation et structuration d&#8217;entreprise<\/li>\n\n\n\n<li>Conseil strat\u00e9gique et planification d&#8217;affaires<\/li>\n\n\n\n<li>Mandats de conseil d&#8217;administration<\/li>\n\n\n\n<li>Planification de la succession d&#8217;entreprise<\/li>\n<\/ul>\n<\/div>\n<\/div>\n\n\n\n<div class=\"wp-block-group has-custom-css wp-custom-css-06dc410c\"><div class=\"wp-block-group__inner-container is-layout-flow wp-block-group-is-layout-flow\">\n<div class=\"wp-block-columns has-custom-css is-layout-flex wp-container-core-columns-is-layout-8f761849 wp-block-columns-is-layout-flex wp-custom-css-af8c0132\">\n<div class=\"wp-block-column is-layout-flow wp-block-column-is-layout-flow\">\n<h3 class=\"wp-block-heading has-custom-css wp-custom-css-c8eb9fa4\">Int\u00e9ress\u00e9 ?<\/h3>\n\n\n\n<p class=\"has-custom-css wp-custom-css-8269a86e wp-block-paragraph\">Nous serons heureux de vous conseiller personnellement au sujet de votre entreprise.<\/p>\n<\/div>\n\n\n\n<div class=\"wp-block-column has-custom-css is-layout-flow wp-block-column-is-layout-flow wp-custom-css-902a79d0\">\n<div class=\"wp-block-buttons is-layout-flex wp-block-buttons-is-layout-flex\">\n<div class=\"wp-block-button\"><a class=\"wp-block-button__link has-text-color has-background wp-element-button\" href=\"https:\/\/fid-tax.ch\/index.php\/fr\/contact\/\" style=\"border-radius:9999px;color:#ffffff;background-color:#d9a441;font-weight:600\">Nous contacter<\/a><\/div>\n<\/div>\n<\/div>\n<\/div>\n<\/div><\/div>\n","protected":false},"excerpt":{"rendered":"<p>D\u00e9but \/ Prestations \/ Conseil d&#8217;entreprise Strat\u00e9gique. Durable. Conseil d&#8217;entreprise De la cr\u00e9ation \u00e0 la succession, en passant par le d\u00e9veloppement strat\u00e9gique \u2013 nous accompagnons les entrepreneuses et entrepreneurs \u00e0 chaque \u00e9tape cl\u00e9, avec pragmatisme et vision. Int\u00e9ress\u00e9 ? Nous serons heureux de vous conseiller personnellement au sujet de votre entreprise.<\/p>\n","protected":false},"author":4,"featured_media":0,"parent":0,"menu_order":0,"comment_status":"closed","ping_status":"closed","template":"","meta":{"footnotes":""},"class_list":["post-318","page","type-page","status-publish"],"_links":{"self":[{"href":"https:\/\/fid-tax.ch\/index.php\/wp-json\/wp\/v2\/pages\/318","targetHints":{"allow":["GET"]}}],"collection":[{"href":"https:\/\/fid-tax.ch\/index.php\/wp-json\/wp\/v2\/pages"}],"about":[{"href":"https:\/\/fid-tax.ch\/index.php\/wp-json\/wp\/v2\/types\/page"}],"author":[{"embeddable":true,"href":"https:\/\/fid-tax.ch\/index.php\/wp-json\/wp\/v2\/users\/4"}],"replies":[{"embeddable":true,"href":"https:\/\/fid-tax.ch\/index.php\/wp-json\/wp\/v2\/comments?post=318"}],"version-history":[{"count":0,"href":"https:\/\/fid-tax.ch\/index.php\/wp-json\/wp\/v2\/pages\/318\/revisions"}],"wp:attachment":[{"href":"https:\/\/fid-tax.ch\/index.php\/wp-json\/wp\/v2\/media?parent=318"}],"curies":[{"name":"wp","href":"https:\/\/api.w.org\/{rel}","templated":true}]}}

<div class="wp-block-group has-custom-css wp-custom-css-9e9d801f"><div class="wp-block-group__inner-container is-layout-flow wp-block-group-is-layout-flow">
<div class="wp-block-columns is-not-stacked-on-mobile has-custom-css is-layout-flex wp-container-core-columns-is-layout-8f761849 wp-block-columns-is-layout-flex wp-custom-css-5944ab68">
<div class="wp-block-column has-custom-css is-layout-flow wp-block-column-is-layout-flow wp-custom-css-29a0b06a">
<p class="has-custom-css wp-custom-css-350fe453 wp-block-paragraph">Début / Prestations / Conseil d&#8217;entreprise</p>
</div>
</div>



<p class="has-custom-css wp-custom-css-35b7f230 wp-block-paragraph">Stratégique. Durable.</p>



<h1 class="wp-block-heading has-custom-css wp-custom-css-151fab3e">Conseil d&#8217;entreprise</h1>
</div></div>



<div class="wp-block-columns has-custom-css is-layout-flex wp-container-core-columns-is-layout-8f761849 wp-block-columns-is-layout-flex wp-custom-css-347b21fd">
<div class="wp-block-column has-custom-css is-layout-flow wp-block-column-is-layout-flow wp-custom-css-eb4370ef">
<figure class="wp-block-image has-custom-css wp-custom-css-72d5bceb"><img loading="lazy" decoding="async" width="1448" height="1086" src="https://fid-tax.ch/wp-content/uploads/2026/08/Unternehmensberatung_2.png" alt="Présentation sur les coûts et la charge fiscale, comparaison société de capitaux et entreprise individuelle" class="wp-image-260" srcset="https://fid-tax.ch/wp-content/uploads/2026/08/Unternehmensberatung_2.png 1448w, https://fid-tax.ch/wp-content/uploads/2026/08/Unternehmensberatung_2-300x225.png 300w, https://fid-tax.ch/wp-content/uploads/2026/08/Unternehmensberatung_2-1024x768.png 1024w, https://fid-tax.ch/wp-content/uploads/2026/08/Unternehmensberatung_2-768x576.png 768w" sizes="auto, (max-width: 1448px) 100vw, 1448px" /></figure>
</div>



<div class="wp-block-column has-custom-css is-layout-flow wp-block-column-is-layout-flow wp-custom-css-7a2598c8">
<p class="has-custom-css wp-custom-css-cabc9197 wp-block-paragraph">De la création à la succession, en passant par le développement stratégique – nous accompagnons les entrepreneuses et entrepreneurs à chaque étape clé, avec pragmatisme et vision.</p>



<ul class="wp-block-list">
<li>Création et structuration d&#8217;entreprise</li>



<li>Conseil stratégique et planification d&#8217;affaires</li>



<li>Mandats de conseil d&#8217;administration</li>



<li>Planification de la succession d&#8217;entreprise</li>
</ul>
</div>
</div>



<div class="wp-block-group has-custom-css wp-custom-css-06dc410c"><div class="wp-block-group__inner-container is-layout-flow wp-block-group-is-layout-flow">
<div class="wp-block-columns has-custom-css is-layout-flex wp-container-core-columns-is-layout-8f761849 wp-block-columns-is-layout-flex wp-custom-css-af8c0132">
<div class="wp-block-column is-layout-flow wp-block-column-is-layout-flow">
<h3 class="wp-block-heading has-custom-css wp-custom-css-c8eb9fa4">Intéressé ?</h3>



<p class="has-custom-css wp-custom-css-8269a86e wp-block-paragraph">Nous serons heureux de vous conseiller personnellement au sujet de votre entreprise.</p>
</div>



<div class="wp-block-column has-custom-css is-layout-flow wp-block-column-is-layout-flow wp-custom-css-902a79d0">
<div class="wp-block-buttons is-layout-flex wp-block-buttons-is-layout-flex">
<div class="wp-block-button"><a class="wp-block-button__link has-text-color has-background wp-element-button" href="https://fid-tax.ch/index.php/fr/contact/" style="border-radius:9999px;color:#ffffff;background-color:#d9a441;font-weight:600">Nous contacter</a></div>
</div>
</div>
</div>
</div></div>

<p>Début / Prestations / Conseil d&#8217;entreprise Stratégique. Durable. Conseil d&#8217;entreprise De la création à la succession, en passant par le développement stratégique – nous accompagnons les entrepreneuses et entrepreneurs à chaque étape clé, avec pragmatisme et vision. Intéressé ? Nous serons heureux de vous conseiller personnellement au sujet de votre entreprise.</p>
