{"id":320,"date":"2026-08-20T09:55:03","date_gmt":"2026-08-20T09:55:03","guid":{"rendered":"https:\/\/fid-tax.ch\/?page_id=320"},"modified":"2026-08-20T11:41:23","modified_gmt":"2026-08-20T11:41:23","slug":"planification-patrimoniale-successorale","status":"publish","type":"page","link":"https:\/\/fid-tax.ch\/index.php\/fr\/planification-patrimoniale-successorale\/","title":{"rendered":"Planification patrimoniale et successorale"},"content":{"rendered":"\n<div class=\"wp-block-group has-custom-css wp-custom-css-c6bc6bf1\"><div class=\"wp-block-group__inner-container is-layout-flow wp-block-group-is-layout-flow\">\n<div class=\"wp-block-columns is-not-stacked-on-mobile has-custom-css is-layout-flex wp-container-core-columns-is-layout-8f761849 wp-block-columns-is-layout-flex wp-custom-css-8d76df35\">\n<div class=\"wp-block-column has-custom-css is-layout-flow wp-block-column-is-layout-flow wp-custom-css-193825f7\">\n<p class=\"has-custom-css wp-custom-css-cffaf614 wp-block-paragraph\">D\u00e9but \/ Prestations \/ Planification patrimoniale et successorale<\/p>\n<\/div>\n<\/div>\n\n\n\n<p class=\"has-custom-css wp-custom-css-c0c5e86f wp-block-paragraph\">Fa\u00e7onner l&#8217;avenir.<\/p>\n\n\n\n<h1 class=\"wp-block-heading has-custom-css wp-custom-css-bece6d1f\">Planification patrimoniale et successorale<\/h1>\n<\/div><\/div>\n\n\n\n<div class=\"wp-block-columns has-custom-css is-layout-flex wp-container-core-columns-is-layout-8f761849 wp-block-columns-is-layout-flex wp-custom-css-e077e952\">\n<div class=\"wp-block-column has-custom-css is-layout-flow wp-block-column-is-layout-flow wp-custom-css-e8d4815c\">\n<p class=\"has-custom-css wp-custom-css-2c6c55ef wp-block-paragraph\">Nous vous accompagnons dans la planification \u00e0 long terme de votre patrimoine et le r\u00e8glement de votre succession \u2013 pour les particuliers et les entreprises, afin que l&#8217;\u0153uvre de votre vie reste entre de bonnes mains.<\/p>\n\n\n\n<ul class=\"wp-block-list\">\n<li>Planification et structuration patrimoniale<\/li>\n\n\n\n<li>R\u00e8glement de succession pour particuliers et entreprises<\/li>\n\n\n\n<li>Conseil en mati\u00e8re de succession et de donation<\/li>\n\n\n\n<li>Planification de la pr\u00e9voyance<\/li>\n<\/ul>\n<\/div>\n\n\n\n<div class=\"wp-block-column has-custom-css is-layout-flow wp-block-column-is-layout-flow wp-custom-css-4aebafc4\">\n<figure class=\"wp-block-image has-custom-css wp-custom-css-06a75a49\"><img loading=\"lazy\" decoding=\"async\" width=\"1536\" height=\"1024\" src=\"https:\/\/fid-tax.ch\/wp-content\/uploads\/2026\/08\/Verm_gens_und_Nachfolgeplanung.png\" alt=\"Conseil familial sur le contrat de transmission, le pilier 3a et les certificats d'actions\" class=\"wp-image-261\" srcset=\"https:\/\/fid-tax.ch\/wp-content\/uploads\/2026\/08\/Verm_gens_und_Nachfolgeplanung.png 1536w, https:\/\/fid-tax.ch\/wp-content\/uploads\/2026\/08\/Verm_gens_und_Nachfolgeplanung-300x200.png 300w, https:\/\/fid-tax.ch\/wp-content\/uploads\/2026\/08\/Verm_gens_und_Nachfolgeplanung-1024x683.png 1024w, https:\/\/fid-tax.ch\/wp-content\/uploads\/2026\/08\/Verm_gens_und_Nachfolgeplanung-768x512.png 768w\" sizes=\"auto, (max-width: 1536px) 100vw, 1536px\" \/><\/figure>\n<\/div>\n<\/div>\n\n\n\n<div class=\"wp-block-group has-custom-css wp-custom-css-5d180729\"><div class=\"wp-block-group__inner-container is-layout-flow wp-block-group-is-layout-flow\">\n<div class=\"wp-block-columns has-custom-css is-layout-flex wp-container-core-columns-is-layout-8f761849 wp-block-columns-is-layout-flex wp-custom-css-133cce56\">\n<div class=\"wp-block-column is-layout-flow wp-block-column-is-layout-flow\">\n<h3 class=\"wp-block-heading has-custom-css wp-custom-css-c8eb9fa4\">Int\u00e9ress\u00e9 ?<\/h3>\n\n\n\n<p class=\"has-custom-css wp-custom-css-66028162 wp-block-paragraph\">Nous serons heureux de vous conseiller personnellement sur votre planification patrimoniale et successorale.<\/p>\n<\/div>\n\n\n\n<div class=\"wp-block-column has-custom-css is-layout-flow wp-block-column-is-layout-flow wp-custom-css-902a79d0\">\n<div class=\"wp-block-buttons is-layout-flex wp-block-buttons-is-layout-flex\">\n<div class=\"wp-block-button\"><a class=\"wp-block-button__link has-text-color has-background wp-element-button\" href=\"https:\/\/fid-tax.ch\/index.php\/fr\/contact\/\" style=\"border-radius:9999px;color:#ffffff;background-color:#d9a441;font-weight:600\">Nous contacter<\/a><\/div>\n<\/div>\n<\/div>\n<\/div>\n<\/div><\/div>\n","protected":false},"excerpt":{"rendered":"<p>D\u00e9but \/ Prestations \/ Planification patrimoniale et successorale Fa\u00e7onner l&#8217;avenir. Planification patrimoniale et successorale Nous vous accompagnons dans la planification \u00e0 long terme de votre patrimoine et le r\u00e8glement de votre succession \u2013 pour les particuliers et les entreprises, afin que l&#8217;\u0153uvre de votre vie reste entre de bonnes mains. Int\u00e9ress\u00e9 ? Nous serons heureux &#8230; <a title=\"Planification patrimoniale et successorale\" class=\"read-more\" href=\"https:\/\/fid-tax.ch\/index.php\/fr\/planification-patrimoniale-successorale\/\" aria-label=\"Mehr Informationen \u00fcber Planification patrimoniale et successorale\">Weiterlesen<\/a><\/p>\n","protected":false},"author":4,"featured_media":0,"parent":0,"menu_order":0,"comment_status":"closed","ping_status":"closed","template":"","meta":{"footnotes":""},"class_list":["post-320","page","type-page","status-publish"],"_links":{"self":[{"href":"https:\/\/fid-tax.ch\/index.php\/wp-json\/wp\/v2\/pages\/320","targetHints":{"allow":["GET"]}}],"collection":[{"href":"https:\/\/fid-tax.ch\/index.php\/wp-json\/wp\/v2\/pages"}],"about":[{"href":"https:\/\/fid-tax.ch\/index.php\/wp-json\/wp\/v2\/types\/page"}],"author":[{"embeddable":true,"href":"https:\/\/fid-tax.ch\/index.php\/wp-json\/wp\/v2\/users\/4"}],"replies":[{"embeddable":true,"href":"https:\/\/fid-tax.ch\/index.php\/wp-json\/wp\/v2\/comments?post=320"}],"version-history":[{"count":0,"href":"https:\/\/fid-tax.ch\/index.php\/wp-json\/wp\/v2\/pages\/320\/revisions"}],"wp:attachment":[{"href":"https:\/\/fid-tax.ch\/index.php\/wp-json\/wp\/v2\/media?parent=320"}],"curies":[{"name":"wp","href":"https:\/\/api.w.org\/{rel}","templated":true}]}}

<div class="wp-block-group has-custom-css wp-custom-css-c6bc6bf1"><div class="wp-block-group__inner-container is-layout-flow wp-block-group-is-layout-flow">
<div class="wp-block-columns is-not-stacked-on-mobile has-custom-css is-layout-flex wp-container-core-columns-is-layout-8f761849 wp-block-columns-is-layout-flex wp-custom-css-8d76df35">
<div class="wp-block-column has-custom-css is-layout-flow wp-block-column-is-layout-flow wp-custom-css-193825f7">
<p class="has-custom-css wp-custom-css-cffaf614 wp-block-paragraph">Début / Prestations / Planification patrimoniale et successorale</p>
</div>
</div>



<p class="has-custom-css wp-custom-css-c0c5e86f wp-block-paragraph">Façonner l&#8217;avenir.</p>



<h1 class="wp-block-heading has-custom-css wp-custom-css-bece6d1f">Planification patrimoniale et successorale</h1>
</div></div>



<div class="wp-block-columns has-custom-css is-layout-flex wp-container-core-columns-is-layout-8f761849 wp-block-columns-is-layout-flex wp-custom-css-e077e952">
<div class="wp-block-column has-custom-css is-layout-flow wp-block-column-is-layout-flow wp-custom-css-e8d4815c">
<p class="has-custom-css wp-custom-css-2c6c55ef wp-block-paragraph">Nous vous accompagnons dans la planification à long terme de votre patrimoine et le règlement de votre succession – pour les particuliers et les entreprises, afin que l&#8217;œuvre de votre vie reste entre de bonnes mains.</p>



<ul class="wp-block-list">
<li>Planification et structuration patrimoniale</li>



<li>Règlement de succession pour particuliers et entreprises</li>



<li>Conseil en matière de succession et de donation</li>



<li>Planification de la prévoyance</li>
</ul>
</div>



<div class="wp-block-column has-custom-css is-layout-flow wp-block-column-is-layout-flow wp-custom-css-4aebafc4">
<figure class="wp-block-image has-custom-css wp-custom-css-06a75a49"><img loading="lazy" decoding="async" width="1536" height="1024" src="https://fid-tax.ch/wp-content/uploads/2026/08/Verm_gens_und_Nachfolgeplanung.png" alt="Conseil familial sur le contrat de transmission, le pilier 3a et les certificats d'actions" class="wp-image-261" srcset="https://fid-tax.ch/wp-content/uploads/2026/08/Verm_gens_und_Nachfolgeplanung.png 1536w, https://fid-tax.ch/wp-content/uploads/2026/08/Verm_gens_und_Nachfolgeplanung-300x200.png 300w, https://fid-tax.ch/wp-content/uploads/2026/08/Verm_gens_und_Nachfolgeplanung-1024x683.png 1024w, https://fid-tax.ch/wp-content/uploads/2026/08/Verm_gens_und_Nachfolgeplanung-768x512.png 768w" sizes="auto, (max-width: 1536px) 100vw, 1536px" /></figure>
</div>
</div>



<div class="wp-block-group has-custom-css wp-custom-css-5d180729"><div class="wp-block-group__inner-container is-layout-flow wp-block-group-is-layout-flow">
<div class="wp-block-columns has-custom-css is-layout-flex wp-container-core-columns-is-layout-8f761849 wp-block-columns-is-layout-flex wp-custom-css-133cce56">
<div class="wp-block-column is-layout-flow wp-block-column-is-layout-flow">
<h3 class="wp-block-heading has-custom-css wp-custom-css-c8eb9fa4">Intéressé ?</h3>



<p class="has-custom-css wp-custom-css-66028162 wp-block-paragraph">Nous serons heureux de vous conseiller personnellement sur votre planification patrimoniale et successorale.</p>
</div>



<div class="wp-block-column has-custom-css is-layout-flow wp-block-column-is-layout-flow wp-custom-css-902a79d0">
<div class="wp-block-buttons is-layout-flex wp-block-buttons-is-layout-flex">
<div class="wp-block-button"><a class="wp-block-button__link has-text-color has-background wp-element-button" href="https://fid-tax.ch/index.php/fr/contact/" style="border-radius:9999px;color:#ffffff;background-color:#d9a441;font-weight:600">Nous contacter</a></div>
</div>
</div>
</div>
</div></div>

<p>Début / Prestations / Planification patrimoniale et successorale Façonner l&#8217;avenir. Planification patrimoniale et successorale Nous vous accompagnons dans la planification à long terme de votre patrimoine et le règlement de votre succession – pour les particuliers et les entreprises, afin que l&#8217;œuvre de votre vie reste entre de bonnes mains. Intéressé ? Nous serons heureux &#8230; <a title="Planification patrimoniale et successorale" class="read-more" href="https://fid-tax.ch/index.php/fr/planification-patrimoniale-successorale/" aria-label="Mehr Informationen über Planification patrimoniale et successorale">Weiterlesen</a></p>
