{"id":322,"date":"2026-08-20T09:55:24","date_gmt":"2026-08-20T09:55:24","guid":{"rendered":"https:\/\/fid-tax.ch\/?page_id=322"},"modified":"2026-08-20T11:43:02","modified_gmt":"2026-08-20T11:43:02","slug":"conseil-transfrontalier","status":"publish","type":"page","link":"https:\/\/fid-tax.ch\/index.php\/fr\/conseil-transfrontalier\/","title":{"rendered":"Conseil transfrontalier"},"content":{"rendered":"\n<div class=\"wp-block-group has-custom-css wp-custom-css-91df15ec\"><div class=\"wp-block-group__inner-container is-layout-flow wp-block-group-is-layout-flow\">\n<div class=\"wp-block-columns is-not-stacked-on-mobile has-custom-css is-layout-flex wp-container-core-columns-is-layout-8f761849 wp-block-columns-is-layout-flex wp-custom-css-971db98f\">\n<div class=\"wp-block-column has-custom-css is-layout-flow wp-block-column-is-layout-flow wp-custom-css-917f985d\">\n<p class=\"has-custom-css wp-custom-css-66f33c87 wp-block-paragraph\">D\u00e9but \/ Prestations \/ Conseil transfrontalier<\/p>\n<\/div>\n<\/div>\n\n\n\n<p class=\"has-custom-css wp-custom-css-a9b6fa76 wp-block-paragraph\">Pour particuliers et entreprises<\/p>\n\n\n\n<h1 class=\"wp-block-heading has-custom-css wp-custom-css-4053ad1e\">Conseil transfrontalier<\/h1>\n<\/div><\/div>\n\n\n\n<div class=\"wp-block-columns has-custom-css is-layout-flex wp-container-core-columns-is-layout-8f761849 wp-block-columns-is-layout-flex wp-custom-css-626cb961\">\n<div class=\"wp-block-column has-custom-css is-layout-flow wp-block-column-is-layout-flow wp-custom-css-fe2a5c31\">\n<figure class=\"wp-block-image has-custom-css wp-custom-css-970ce6c1\"><img loading=\"lazy\" decoding=\"async\" width=\"1536\" height=\"1024\" src=\"https:\/\/fid-tax.ch\/wp-content\/uploads\/2026\/08\/Grenz_berschreitende_Beratung_2.png\" alt=\"Bureau avec globe terrestre et drapeaux suisse, allemand et fran\u00e7ais\" class=\"wp-image-262\" srcset=\"https:\/\/fid-tax.ch\/wp-content\/uploads\/2026\/08\/Grenz_berschreitende_Beratung_2.png 1536w, https:\/\/fid-tax.ch\/wp-content\/uploads\/2026\/08\/Grenz_berschreitende_Beratung_2-300x200.png 300w, https:\/\/fid-tax.ch\/wp-content\/uploads\/2026\/08\/Grenz_berschreitende_Beratung_2-1024x683.png 1024w, https:\/\/fid-tax.ch\/wp-content\/uploads\/2026\/08\/Grenz_berschreitende_Beratung_2-768x512.png 768w\" sizes=\"auto, (max-width: 1536px) 100vw, 1536px\" \/><\/figure>\n<\/div>\n\n\n\n<div class=\"wp-block-column has-custom-css is-layout-flow wp-block-column-is-layout-flow wp-custom-css-93edc83e\">\n<p class=\"has-custom-css wp-custom-css-e1550e7f wp-block-paragraph\">Les questions fiscales et juridiques ne s&#8217;arr\u00eatent pas \u00e0 la fronti\u00e8re. Nous vous conseillons avec comp\u00e9tence et discr\u00e9tion sur les situations transfrontali\u00e8res, notamment en lien avec l&#8217;Allemagne et la France.<\/p>\n\n\n\n<ul class=\"wp-block-list\">\n<li>Planification fiscale internationale<\/li>\n\n\n\n<li>Conseil pour frontaliers<\/li>\n\n\n\n<li>Questions de double imposition<\/li>\n\n\n\n<li>Conseil pour entreprises actives \u00e0 l&#8217;international<\/li>\n<\/ul>\n<\/div>\n<\/div>\n\n\n\n<div class=\"wp-block-group has-custom-css wp-custom-css-4ce1f16b\"><div class=\"wp-block-group__inner-container is-layout-flow wp-block-group-is-layout-flow\">\n<div class=\"wp-block-columns has-custom-css is-layout-flex wp-container-core-columns-is-layout-8f761849 wp-block-columns-is-layout-flex wp-custom-css-c5737d6f\">\n<div class=\"wp-block-column is-layout-flow wp-block-column-is-layout-flow\">\n<h3 class=\"wp-block-heading has-custom-css wp-custom-css-c8eb9fa4\">Int\u00e9ress\u00e9 ?<\/h3>\n\n\n\n<p class=\"has-custom-css wp-custom-css-c667acd9 wp-block-paragraph\">Nous serons heureux de vous conseiller personnellement sur votre situation transfrontali\u00e8re.<\/p>\n<\/div>\n\n\n\n<div class=\"wp-block-column has-custom-css is-layout-flow wp-block-column-is-layout-flow wp-custom-css-902a79d0\">\n<div class=\"wp-block-buttons is-layout-flex wp-block-buttons-is-layout-flex\">\n<div class=\"wp-block-button\"><a class=\"wp-block-button__link has-text-color has-background wp-element-button\" href=\"https:\/\/fid-tax.ch\/index.php\/fr\/contact\/\" style=\"border-radius:9999px;color:#ffffff;background-color:#d9a441;font-weight:600\">Nous contacter<\/a><\/div>\n<\/div>\n<\/div>\n<\/div>\n<\/div><\/div>\n","protected":false},"excerpt":{"rendered":"<p>D\u00e9but \/ Prestations \/ Conseil transfrontalier Pour particuliers et entreprises Conseil transfrontalier Les questions fiscales et juridiques ne s&#8217;arr\u00eatent pas \u00e0 la fronti\u00e8re. Nous vous conseillons avec comp\u00e9tence et discr\u00e9tion sur les situations transfrontali\u00e8res, notamment en lien avec l&#8217;Allemagne et la France. Int\u00e9ress\u00e9 ? Nous serons heureux de vous conseiller personnellement sur votre situation transfrontali\u00e8re.<\/p>\n","protected":false},"author":4,"featured_media":0,"parent":0,"menu_order":0,"comment_status":"closed","ping_status":"closed","template":"","meta":{"footnotes":""},"class_list":["post-322","page","type-page","status-publish"],"_links":{"self":[{"href":"https:\/\/fid-tax.ch\/index.php\/wp-json\/wp\/v2\/pages\/322","targetHints":{"allow":["GET"]}}],"collection":[{"href":"https:\/\/fid-tax.ch\/index.php\/wp-json\/wp\/v2\/pages"}],"about":[{"href":"https:\/\/fid-tax.ch\/index.php\/wp-json\/wp\/v2\/types\/page"}],"author":[{"embeddable":true,"href":"https:\/\/fid-tax.ch\/index.php\/wp-json\/wp\/v2\/users\/4"}],"replies":[{"embeddable":true,"href":"https:\/\/fid-tax.ch\/index.php\/wp-json\/wp\/v2\/comments?post=322"}],"version-history":[{"count":0,"href":"https:\/\/fid-tax.ch\/index.php\/wp-json\/wp\/v2\/pages\/322\/revisions"}],"wp:attachment":[{"href":"https:\/\/fid-tax.ch\/index.php\/wp-json\/wp\/v2\/media?parent=322"}],"curies":[{"name":"wp","href":"https:\/\/api.w.org\/{rel}","templated":true}]}}

<div class="wp-block-group has-custom-css wp-custom-css-91df15ec"><div class="wp-block-group__inner-container is-layout-flow wp-block-group-is-layout-flow">
<div class="wp-block-columns is-not-stacked-on-mobile has-custom-css is-layout-flex wp-container-core-columns-is-layout-8f761849 wp-block-columns-is-layout-flex wp-custom-css-971db98f">
<div class="wp-block-column has-custom-css is-layout-flow wp-block-column-is-layout-flow wp-custom-css-917f985d">
<p class="has-custom-css wp-custom-css-66f33c87 wp-block-paragraph">Début / Prestations / Conseil transfrontalier</p>
</div>
</div>



<p class="has-custom-css wp-custom-css-a9b6fa76 wp-block-paragraph">Pour particuliers et entreprises</p>



<h1 class="wp-block-heading has-custom-css wp-custom-css-4053ad1e">Conseil transfrontalier</h1>
</div></div>



<div class="wp-block-columns has-custom-css is-layout-flex wp-container-core-columns-is-layout-8f761849 wp-block-columns-is-layout-flex wp-custom-css-626cb961">
<div class="wp-block-column has-custom-css is-layout-flow wp-block-column-is-layout-flow wp-custom-css-fe2a5c31">
<figure class="wp-block-image has-custom-css wp-custom-css-970ce6c1"><img loading="lazy" decoding="async" width="1536" height="1024" src="https://fid-tax.ch/wp-content/uploads/2026/08/Grenz_berschreitende_Beratung_2.png" alt="Bureau avec globe terrestre et drapeaux suisse, allemand et français" class="wp-image-262" srcset="https://fid-tax.ch/wp-content/uploads/2026/08/Grenz_berschreitende_Beratung_2.png 1536w, https://fid-tax.ch/wp-content/uploads/2026/08/Grenz_berschreitende_Beratung_2-300x200.png 300w, https://fid-tax.ch/wp-content/uploads/2026/08/Grenz_berschreitende_Beratung_2-1024x683.png 1024w, https://fid-tax.ch/wp-content/uploads/2026/08/Grenz_berschreitende_Beratung_2-768x512.png 768w" sizes="auto, (max-width: 1536px) 100vw, 1536px" /></figure>
</div>



<div class="wp-block-column has-custom-css is-layout-flow wp-block-column-is-layout-flow wp-custom-css-93edc83e">
<p class="has-custom-css wp-custom-css-e1550e7f wp-block-paragraph">Les questions fiscales et juridiques ne s&#8217;arrêtent pas à la frontière. Nous vous conseillons avec compétence et discrétion sur les situations transfrontalières, notamment en lien avec l&#8217;Allemagne et la France.</p>



<ul class="wp-block-list">
<li>Planification fiscale internationale</li>



<li>Conseil pour frontaliers</li>



<li>Questions de double imposition</li>



<li>Conseil pour entreprises actives à l&#8217;international</li>
</ul>
</div>
</div>



<div class="wp-block-group has-custom-css wp-custom-css-4ce1f16b"><div class="wp-block-group__inner-container is-layout-flow wp-block-group-is-layout-flow">
<div class="wp-block-columns has-custom-css is-layout-flex wp-container-core-columns-is-layout-8f761849 wp-block-columns-is-layout-flex wp-custom-css-c5737d6f">
<div class="wp-block-column is-layout-flow wp-block-column-is-layout-flow">
<h3 class="wp-block-heading has-custom-css wp-custom-css-c8eb9fa4">Intéressé ?</h3>



<p class="has-custom-css wp-custom-css-c667acd9 wp-block-paragraph">Nous serons heureux de vous conseiller personnellement sur votre situation transfrontalière.</p>
</div>



<div class="wp-block-column has-custom-css is-layout-flow wp-block-column-is-layout-flow wp-custom-css-902a79d0">
<div class="wp-block-buttons is-layout-flex wp-block-buttons-is-layout-flex">
<div class="wp-block-button"><a class="wp-block-button__link has-text-color has-background wp-element-button" href="https://fid-tax.ch/index.php/fr/contact/" style="border-radius:9999px;color:#ffffff;background-color:#d9a441;font-weight:600">Nous contacter</a></div>
</div>
</div>
</div>
</div></div>

<p>Début / Prestations / Conseil transfrontalier Pour particuliers et entreprises Conseil transfrontalier Les questions fiscales et juridiques ne s&#8217;arrêtent pas à la frontière. Nous vous conseillons avec compétence et discrétion sur les situations transfrontalières, notamment en lien avec l&#8217;Allemagne et la France. Intéressé ? Nous serons heureux de vous conseiller personnellement sur votre situation transfrontalière.</p>
