{"id":83,"date":"2024-02-12T21:39:31","date_gmt":"2024-02-12T21:39:31","guid":{"rendered":"http:\/\/fid-tax.ch\/?page_id=83"},"modified":"2026-08-20T11:32:07","modified_gmt":"2026-08-20T11:32:07","slug":"gerance-immobiliere","status":"publish","type":"page","link":"https:\/\/fid-tax.ch\/index.php\/fr\/gerance-immobiliere\/","title":{"rendered":"G\u00e9rance immobili\u00e8re"},"content":{"rendered":"\n<div class=\"wp-block-group has-custom-css wp-custom-css-0a8a3f9c\"><div class=\"wp-block-group__inner-container is-layout-flow wp-block-group-is-layout-flow\">\n<div class=\"wp-block-columns is-not-stacked-on-mobile has-custom-css is-layout-flex wp-container-core-columns-is-layout-8f761849 wp-block-columns-is-layout-flex wp-custom-css-476e84e4\">\n<div class=\"wp-block-column has-custom-css is-layout-flow wp-block-column-is-layout-flow wp-custom-css-e87ae6b1\">\n<p class=\"has-custom-css wp-custom-css-7990f815 wp-block-paragraph\">D\u00e9but \/ Prestations \/ G\u00e9rance immobili\u00e8re<\/p>\n<\/div>\n\n\n\n<div class=\"wp-block-column has-custom-css is-layout-flow wp-block-column-is-layout-flow wp-custom-css-a5883b20\"><\/div>\n<\/div>\n\n\n\n<p class=\"has-custom-css wp-custom-css-9dcb8ada wp-block-paragraph\">Maintien de la valeur. Rendement.<\/p>\n\n\n\n<h1 class=\"wp-block-heading has-custom-css wp-custom-css-38aff27f\">G\u00e9rance immobili\u00e8re<\/h1>\n<\/div><\/div>\n\n\n\n<div class=\"wp-block-columns has-custom-css is-layout-flex wp-container-core-columns-is-layout-8f761849 wp-block-columns-is-layout-flex wp-custom-css-12d1c85e\">\n<div class=\"wp-block-column has-custom-css is-layout-flow wp-block-column-is-layout-flow wp-custom-css-832ff5aa\">\n<p class=\"wp-block-paragraph\">Gestion professionnelle de vos biens immobiliers \u2013 de la g\u00e9rance locative au d\u00e9compte des charges, en passant par la gestion de la propri\u00e9t\u00e9 par \u00e9tages. Nous veillons au maintien de la valeur et \u00e0 un rendement solide.<\/p>\n\n\n\n<ul class=\"wp-block-list\">\n<li>Tenue de la comptabilit\u00e9 immobili\u00e8re<\/li>\n\n\n\n<li>Contr\u00f4le des loyers<\/li>\n\n\n\n<li>Locations<\/li>\n\n\n\n<li>Remise et reprise des logements<\/li>\n\n\n\n<li>R\u00e9novations de logements<\/li>\n\n\n\n<li>Assainissements de b\u00e2timents<\/li>\n\n\n\n<li>Administration de propri\u00e9t\u00e9s par \u00e9tages<\/li>\n<\/ul>\n<\/div>\n\n\n\n<div class=\"wp-block-column has-custom-css is-layout-flow wp-block-column-is-layout-flow wp-custom-css-38ddedde\">\n<figure class=\"wp-block-image has-custom-css wp-custom-css-4b552815\"><img loading=\"lazy\" decoding=\"async\" width=\"1448\" height=\"1086\" src=\"https:\/\/fid-tax.ch\/wp-content\/uploads\/2026\/08\/Immobilienverwaltung.png\" alt=\"Entretien de conseil avec maquette immobili\u00e8re d'un chalet \u00e0 la montagne\" class=\"wp-image-259\" srcset=\"https:\/\/fid-tax.ch\/wp-content\/uploads\/2026\/08\/Immobilienverwaltung.png 1448w, https:\/\/fid-tax.ch\/wp-content\/uploads\/2026\/08\/Immobilienverwaltung-300x225.png 300w, https:\/\/fid-tax.ch\/wp-content\/uploads\/2026\/08\/Immobilienverwaltung-1024x768.png 1024w, https:\/\/fid-tax.ch\/wp-content\/uploads\/2026\/08\/Immobilienverwaltung-768x576.png 768w\" sizes=\"auto, (max-width: 1448px) 100vw, 1448px\" \/><\/figure>\n<\/div>\n<\/div>\n\n\n\n<div class=\"wp-block-group has-custom-css wp-custom-css-e8457cf0\"><div class=\"wp-block-group__inner-container is-layout-flow wp-block-group-is-layout-flow\">\n<div class=\"wp-block-columns has-custom-css is-layout-flex wp-container-core-columns-is-layout-8f761849 wp-block-columns-is-layout-flex wp-custom-css-3721ad18\">\n<div class=\"wp-block-column is-layout-flow wp-block-column-is-layout-flow\">\n<h3 class=\"wp-block-heading has-custom-css wp-custom-css-c8eb9fa4\">Int\u00e9ress\u00e9 ?<\/h3>\n\n\n\n<p class=\"has-custom-css wp-custom-css-579236c0 wp-block-paragraph\">Nous serons heureux de vous conseiller personnellement au sujet de votre bien immobilier.<\/p>\n<\/div>\n\n\n\n<div class=\"wp-block-column has-custom-css is-layout-flow wp-block-column-is-layout-flow wp-custom-css-902a79d0\">\n<div class=\"wp-block-buttons is-layout-flex wp-block-buttons-is-layout-flex\">\n<div class=\"wp-block-button\"><a class=\"wp-block-button__link has-text-color has-background wp-element-button\" href=\"https:\/\/fid-tax.ch\/index.php\/fr\/contact\/\" style=\"border-radius:9999px;color:#ffffff;background-color:#d9a441;font-weight:600\">Nous contacter<\/a><\/div>\n<\/div>\n<\/div>\n<\/div>\n<\/div><\/div>\n","protected":false},"excerpt":{"rendered":"<p>D\u00e9but \/ Prestations \/ G\u00e9rance immobili\u00e8re Maintien de la valeur. Rendement. G\u00e9rance immobili\u00e8re Gestion professionnelle de vos biens immobiliers \u2013 de la g\u00e9rance locative au d\u00e9compte des charges, en passant par la gestion de la propri\u00e9t\u00e9 par \u00e9tages. Nous veillons au maintien de la valeur et \u00e0 un rendement solide. Int\u00e9ress\u00e9 ? Nous serons heureux &#8230; <a title=\"G\u00e9rance immobili\u00e8re\" class=\"read-more\" href=\"https:\/\/fid-tax.ch\/index.php\/fr\/gerance-immobiliere\/\" aria-label=\"Mehr Informationen \u00fcber G\u00e9rance immobili\u00e8re\">Weiterlesen<\/a><\/p>\n","protected":false},"author":2,"featured_media":0,"parent":0,"menu_order":0,"comment_status":"closed","ping_status":"closed","template":"","meta":{"footnotes":""},"class_list":["post-83","page","type-page","status-publish"],"_links":{"self":[{"href":"https:\/\/fid-tax.ch\/index.php\/wp-json\/wp\/v2\/pages\/83","targetHints":{"allow":["GET"]}}],"collection":[{"href":"https:\/\/fid-tax.ch\/index.php\/wp-json\/wp\/v2\/pages"}],"about":[{"href":"https:\/\/fid-tax.ch\/index.php\/wp-json\/wp\/v2\/types\/page"}],"author":[{"embeddable":true,"href":"https:\/\/fid-tax.ch\/index.php\/wp-json\/wp\/v2\/users\/2"}],"replies":[{"embeddable":true,"href":"https:\/\/fid-tax.ch\/index.php\/wp-json\/wp\/v2\/comments?post=83"}],"version-history":[{"count":0,"href":"https:\/\/fid-tax.ch\/index.php\/wp-json\/wp\/v2\/pages\/83\/revisions"}],"wp:attachment":[{"href":"https:\/\/fid-tax.ch\/index.php\/wp-json\/wp\/v2\/media?parent=83"}],"curies":[{"name":"wp","href":"https:\/\/api.w.org\/{rel}","templated":true}]}}

Gérance immobilière

<div class="wp-block-group has-custom-css wp-custom-css-0a8a3f9c"><div class="wp-block-group__inner-container is-layout-flow wp-block-group-is-layout-flow">
<div class="wp-block-columns is-not-stacked-on-mobile has-custom-css is-layout-flex wp-container-core-columns-is-layout-8f761849 wp-block-columns-is-layout-flex wp-custom-css-476e84e4">
<div class="wp-block-column has-custom-css is-layout-flow wp-block-column-is-layout-flow wp-custom-css-e87ae6b1">
<p class="has-custom-css wp-custom-css-7990f815 wp-block-paragraph">Début / Prestations / Gérance immobilière</p>
</div>



<div class="wp-block-column has-custom-css is-layout-flow wp-block-column-is-layout-flow wp-custom-css-a5883b20"></div>
</div>



<p class="has-custom-css wp-custom-css-9dcb8ada wp-block-paragraph">Maintien de la valeur. Rendement.</p>



<h1 class="wp-block-heading has-custom-css wp-custom-css-38aff27f">Gérance immobilière</h1>
</div></div>



<div class="wp-block-columns has-custom-css is-layout-flex wp-container-core-columns-is-layout-8f761849 wp-block-columns-is-layout-flex wp-custom-css-12d1c85e">
<div class="wp-block-column has-custom-css is-layout-flow wp-block-column-is-layout-flow wp-custom-css-832ff5aa">
<p class="wp-block-paragraph">Gestion professionnelle de vos biens immobiliers – de la gérance locative au décompte des charges, en passant par la gestion de la propriété par étages. Nous veillons au maintien de la valeur et à un rendement solide.</p>



<ul class="wp-block-list">
<li>Tenue de la comptabilité immobilière</li>



<li>Contrôle des loyers</li>



<li>Locations</li>



<li>Remise et reprise des logements</li>



<li>Rénovations de logements</li>



<li>Assainissements de bâtiments</li>



<li>Administration de propriétés par étages</li>
</ul>
</div>



<div class="wp-block-column has-custom-css is-layout-flow wp-block-column-is-layout-flow wp-custom-css-38ddedde">
<figure class="wp-block-image has-custom-css wp-custom-css-4b552815"><img loading="lazy" decoding="async" width="1448" height="1086" src="https://fid-tax.ch/wp-content/uploads/2026/08/Immobilienverwaltung.png" alt="Entretien de conseil avec maquette immobilière d'un chalet à la montagne" class="wp-image-259" srcset="https://fid-tax.ch/wp-content/uploads/2026/08/Immobilienverwaltung.png 1448w, https://fid-tax.ch/wp-content/uploads/2026/08/Immobilienverwaltung-300x225.png 300w, https://fid-tax.ch/wp-content/uploads/2026/08/Immobilienverwaltung-1024x768.png 1024w, https://fid-tax.ch/wp-content/uploads/2026/08/Immobilienverwaltung-768x576.png 768w" sizes="auto, (max-width: 1448px) 100vw, 1448px" /></figure>
</div>
</div>



<div class="wp-block-group has-custom-css wp-custom-css-e8457cf0"><div class="wp-block-group__inner-container is-layout-flow wp-block-group-is-layout-flow">
<div class="wp-block-columns has-custom-css is-layout-flex wp-container-core-columns-is-layout-8f761849 wp-block-columns-is-layout-flex wp-custom-css-3721ad18">
<div class="wp-block-column is-layout-flow wp-block-column-is-layout-flow">
<h3 class="wp-block-heading has-custom-css wp-custom-css-c8eb9fa4">Intéressé ?</h3>



<p class="has-custom-css wp-custom-css-579236c0 wp-block-paragraph">Nous serons heureux de vous conseiller personnellement au sujet de votre bien immobilier.</p>
</div>



<div class="wp-block-column has-custom-css is-layout-flow wp-block-column-is-layout-flow wp-custom-css-902a79d0">
<div class="wp-block-buttons is-layout-flex wp-block-buttons-is-layout-flex">
<div class="wp-block-button"><a class="wp-block-button__link has-text-color has-background wp-element-button" href="https://fid-tax.ch/index.php/fr/contact/" style="border-radius:9999px;color:#ffffff;background-color:#d9a441;font-weight:600">Nous contacter</a></div>
</div>
</div>
</div>
</div></div>

<p>Début / Prestations / Gérance immobilière Maintien de la valeur. Rendement. Gérance immobilière Gestion professionnelle de vos biens immobiliers – de la gérance locative au décompte des charges, en passant par la gestion de la propriété par étages. Nous veillons au maintien de la valeur et à un rendement solide. Intéressé ? Nous serons heureux &#8230; <a title="Gérance immobilière" class="read-more" href="https://fid-tax.ch/index.php/fr/gerance-immobiliere/" aria-label="Mehr Informationen über Gérance immobilière">Weiterlesen</a></p>
